i(14). Suppose 5*g + 615 = c + 4344, 0 = -n*g - 4*c + 2964. What is the tens digit of g?
4
Suppose 0 = -5*g + 6*g - 5. Suppose -g*n + 94 + 1026 = 0. Suppose 2*m = -2*q + n, q - 5*m = -2*q + 320. What is the units digit of q?
0
Let j = 176 - 179. Let q(h) = 30*h**2 - 7*h - 12. What is the units digit of q(j)?
9
Let t be (-1 + (-4 - 0))/(-1)*1. Suppose t*c = 3*m - 1804, 0 = 5*c + 4*m + 1171 + 612. Let w = 535 + c. What is the units digit of w?
6
Suppose -10*y + 268 = -6*y. Suppose 6*i = -y + 79. What is the units digit of i?
2
Let s = -399 + 401. Suppose -4*n - 7474 = -4*y - 2258, -3*y - s*n + 3907 = 0. What is the hundreds digit of y?
3
Let h(r) = 6*r - 5. Suppose 25*v = 2*v + 368. What is the units digit of h(v)?
1
Let u(n) = 11*n + 1 - 55*n**3 - 13*n**2 + 1 + 54*n**3. Let c be u(-14). Suppose 2*d - 72 = c. What is the tens digit of d?
5
Let m be (7 - 0)/(-14)*1119*-2. Let f = -780 + m. What is the hundreds digit of f?
3
Let k(z) = 43*z**2 + 11*z - 18. Let c be k(7). Suppose -9*i = -3*i - c. What is the tens digit of i?
6
Let f = -8755 - -9350. What is the hundreds digit of f?
5
Let t(u) = -2*u - 10. Let q be -5*(-2 + 3)*1. Let r be t(q). Suppose -z + 4*z - 207 = r. What is the tens digit of z?
6
Suppose -76 = -6*p + 8. Suppose 19*x = p*x + 565. What is the tens digit of x?
1
Suppose 31*j + 13120 = 36*j. Suppose 2*d + j = 4*d. What is the units digit of d?
2
Suppose 0 = -16*s + 28937 + 22551. What is the tens digit of s?
1
Suppose 48*x - 41296 - 1018236 - 223508 = 0. What is the thousands digit of x?
6
What is the units digit of ((256320/54)/32)/(2/12)?
0
Let o(h) = -5*h**3 - 10*h**2 + 5*h - 5. Let y be o(4). Let i = y - -1685. What is the hundreds digit of i?
2
Suppose -176 = 4*i - u, -2*i = i + 4*u + 113. Let w = 43 + i. Suppose w*m + 4*m - 428 = 2*l, m = 3*l + 107. What is the tens digit of m?
0
Let c be 2/(-4)*322/7. Let u(j) = -7*j - 14. Let n be u(c). Suppose -3*l = -4*v - n, -7*l - 4*v = -2*l - 213. What is the units digit of l?
5
Let i(r) = -r**3 - 6*r**2 - 8*r - 4. Let p be i(-5). Let a be 0 - p - (2 - 3). What is the units digit of -4*(4 - (-435)/a)?
8
Let b be (-60)/(-40) + (-5)/(-2). What is the hundreds digit of (-2*1 - (-7 + b))*811?
8
Let u = -21 - -26. Let p(g) = -10 + 20*g**2 + 6 - 9*g**2 - g**3 - 8 - 3*g. What is the hundreds digit of p(u)?
1
Let i = -13 + 21. Suppose 18*v + 19 - 1 = 0. What is the units digit of (v/(-2))/(4/i) + 27?
8
What is the ten thousands digit of 1*(-14 + 29) - -22597?
2
Suppose -620*g + 2736012 = -1418608. What is the hundreds digit of g?
7
Let p(z) = -823*z - 30. Let x(u) = 819*u + 28. Let d(w) = -4*p(w) - 3*x(w). What is the hundreds digit of d(2)?
7
Suppose -t - 2265 = -4*u, u + 0*t - 3*t = 569. Let c = u - 316. What is the tens digit of c?
5
Let n = -721 + 343. Let a = 595 + n. What is the tens digit of a?
1
Suppose -80 = 5*f + 2*g, -5*f + 6*g - 65 = 5*g. Let p(q) = -q**2 - 15*q + 52. What is the units digit of p(f)?
6
Let c(v) = -v**3 + 6*v + 7. Let h be c(-8). What is the units digit of -2 + (h - 0/2)?
9
Let x be (-18)/(-36) - (27/(-2))/3. Suppose 2305 = x*z - 2*a, 2*a + 2305 = 5*z + 3*a. What is the tens digit of z?
6
Suppose 0 = 3*v - 5*y - 20866, 6*v + 34*y - 41784 = 31*y. What is the units digit of v?
2
Suppose -3*s - 9 = -0*s, -4*b - 5*s = -14425. What is the thousands digit of b?
3
Let a(o) = o - 15. Let g be a(16). Suppose 3*v - q = 23, -3*q - g - 33 = -4*v. Let z(y) = y**3 - 2*y**2 - 14*y + 14. What is the hundreds digit of z(v)?
1
Let l(p) = 976*p + 33135. What is the hundreds digit of l(0)?
1
Let b(u) = u**3 - 54*u**2 + 121*u + 177. What is the units digit of b(55)?
7
Let x = 58 - -10. Let v be 442/(-8) + (x/16 - 4). Let i = -50 - v. What is the units digit of i?
5
Let r = 2157 + -1218. Let u = -509 + r. Suppose -6*h = -u - 326. What is the hundreds digit of h?
1
Let q = -626 + 2432. Suppose -4*m + q = -174. Suppose -5*r = i - 125, -106 = -5*i - r + m. What is the units digit of i?
0
Let x(i) = 26*i + 80. Let g be x(-12). Let c = 956 + g. What is the tens digit of c?
2
Let s = -1547 - -1553. What is the units digit of s?
6
Let r(q) = -11*q + 50. Let v be r(4). Suppose -1371 = -n - 5*d - 302, 2*d - v = 0. What is the thousands digit of n?
1
Let y = -13284 - -41904. What is the tens digit of y?
2
Let t be (18 + -17)/(1/(-2)). Let r be 6 + -4 + t - (-13 - -1). What is the units digit of (-795)/(-10) - (-6)/r?
0
Suppose -69*r - 210294 = -126*r + 39*r. What is the units digit of r?
3
Suppose -60 = -0*q - 15*q. Suppose 5*l = q - 4. Suppose l = 4*r - v - 955, -r - 2*v = -0*v - 241. What is the units digit of r?
9
Let f = -224 + 127. Let p = f - -351. What is the tens digit of p?
5
Let u(a) = -a**2 + 5*a + 14. Let p be u(7). Let d be p - (2 - 0)/2. What is the units digit of d - (-52)/(3 - -1)?
2
Let z(j) = 3*j + 5. Let d be z(-4). Let q(h) = -9 + 6*h - 7*h + 10*h - h**3 - 4*h**2. What is the tens digit of q(d)?
7
Suppose -3*r = 9, -r + 6 = -5*h - 3*r. Suppose 2*k - 629 = -3*k + c, h = -5*k - 5*c + 635. Suppose k = 4*f + 3*f. What is the tens digit of f?
1
Let v = -787 - -790. Suppose -5*r + 1353 + 2908 = 3*d, -v*r = 3*d - 2553. What is the hundreds digit of r?
8
Let l = -51 + 54. What is the hundreds digit of 3*(171 + 13/(-3) + l)?
5
Let u be (-23)/7 + (-3 - (-46)/14). Let s(h) = 3*h**3 - h - 4. Let y be s(u). Let l = y + 170. What is the tens digit of l?
8
Let d(p) = 21310*p**2 - 18*p - 41. What is the thousands digit of d(-2)?
5
Let v = -11317 - -14498. What is the units digit of v?
1
Suppose -13*d + 33793 + 30383 = 11773. What is the units digit of d?
1
Let f = 439 + -274. Suppose f = 7*j - 2656. What is the hundreds digit of j?
4
Suppose 5*z - 2*j = 240, z - 50 = j - 2. Let m be (z/18)/((-2)/(-9)). What is the tens digit of 0 + 2 + m + 3?
1
Let p(f) = 71*f + 16. Let s(v) = -72*v - 15. Let j(a) = -7*p(a) - 6*s(a). Let m be j(-9). What is the units digit of m/11 - 18/99?
1
Let w be 0 + 1 - (4 - (-39)/3). Let k be (w/(-10))/(((-36)/(-30))/6). What is the hundreds digit of 262 - k/3*9/6?
2
Let z = 82 - 79. What is the tens digit of (8 + -1 - z) + 248?
5
Suppose p + 0*p - 660 = 0. Suppose p = -4*u - u. Let o = u + 234. What is the units digit of o?
2
Suppose -12*b + 134*b - 6142578 = 0. What is the units digit of b?
9
Let w be 4 + (18/(-12))/(9/(-4440)). Suppose 5*z + 5*f = 1890, 2*z = -6*f + 7*f + w. What is the tens digit of z?
7
Let t = 179 + -179. Suppose -4*i = x - t*i - 253, -2*i = -4*x + 1030. What is the tens digit of x?
5
Let v be ((-5 - -7) + 4 + -7)*-5. Suppose -3*o + 2343 = i, 14*i = v*o + 16*i - 3904. What is the tens digit of o?
8
Suppose -l = 2 - 7. Suppose -q = 2*y + 523, -2*y + l*q - 2*q = 511. What is the tens digit of ((-13)/(y/(-712)))/(4/(-10))?
8
Let f = -74 - -116. Let a be (10/(-14) - -1) + (-96)/f. What is the units digit of a - (-121)/((-3)/(-3))?
9
What is the hundreds digit of ((-9)/((-216)/4984))/(-1*1/(-57))?
8
Let m(f) = -37*f**3 - 12*f**2 + 10*f - 1. What is the hundreds digit of m(-7)?
0
Suppose 3*f = -5*h, -f - 7*h = -3*h. Suppose -42 = -3*a - 5*o + o, a - 2*o - 4 = f. Suppose -a*w + 12*w = 348. What is the units digit of w?
4
Suppose 2*i + 1184*c = 1183*c + 30868, -4*c + 46292 = 3*i. What is the hundreds digit of i?
4
Let w(b) = -148*b + 6315. What is the hundreds digit of w(13)?
3
Let u be (-16 + 1280)/(-1 - -3). Let s = u + -269. What is the tens digit of s?
6
Let l(s) = -2*s**3 - 6*s**2 - 24*s - 95. Let x be l(-4). Suppose 36*h - 1575 = x*h. What is the tens digit of h?
2
What is the thousands digit of ((40740/(-8))/(-5))/((-9)/(-162)) - 0?
8
Suppose 6*a = -2*d + 4*a + 16, -a = 5*d - 24. Let l be 1*(-3 + (-3 - (-11 + d))). What is the tens digit of 942/9 + l/3?
0
Let g(s) = s**2 + 8*s + 23. Let u(h) = -h**2 + 32. Let a be u(0). Let n be ((-88)/a)/((-2)/(-8)). What is the units digit of g(n)?
6
Suppose 2*v + 53582 = 4*b, 6*b + 5*v - 13390 = 5*b. What is the units digit of b?
5
Let r be 33341/(-21) - 1/3. Let u = 2354 + r. What is the units digit of u?
6
Let m be -10*((-50)/225 - 14/180). Let v(n) = n - 1. Let p be v(3). Suppose -p*k - k = m*a - 231, -4*a = 2*k - 302. What is the tens digit of a?
7
Let h = 7668 + -4319. Suppose -9*z + h = 307. What is the hundreds digit of z?
3
Let k = 435 - 445. What is the units digit of (-26)/(-65) - 8746/k?
5
Let q 